 - 0*x + 18. Calculate the highest common factor of x and 72.
9
Suppose 0 = 4*r + 12, 2*r - 6 = -o + 5. Let j be 3 - 10 - 4 - 1. Let t = j + o. Calculate the highest common factor of t and 35.
5
Let f = 12 - 8. Calculate the greatest common factor of f and 16.
4
Let h(n) = n**2 - 10*n - 1. Let q be h(10). Let p = q - -3. Suppose p*a + 0*a - 40 = 0. Calculate the greatest common divisor of 5 and a.
5
Let n(k) = 3*k**2 + 2*k - 1. Let d be n(-3). Suppose -10*f = -29 - 11. Calculate the highest common divisor of d and f.
4
Let c(s) = 130*s**3 + s**2 - s. Let v be c(1). Calculate the highest common divisor of v and 13.
13
Let p be 5*(0 - (-9)/5). Suppose 4*z - 5*l = 8, -11 = -z + 2*z + 2*l. Let s = p + z. What is the greatest common divisor of s and 54?
6
Let t = -1 - -4. What is the highest common factor of 1 and t?
1
Suppose -2*i = 9*l - 7*l - 90, -i + 93 = 2*l. What is the greatest common factor of 84 and l?
12
Suppose 3*i + 0*i + 5*m - 242 = 0, -m - 338 = -4*i. Calculate the greatest common divisor of i and 21.
21
Suppose 5*a = -t + 181 + 115, -5*a = 3*t - 888. Let h = t - 206. Calculate the highest common factor of 30 and h.
30
Suppose -3*y - 15 = -39. Let z be -4*(5/(-2) - -2). What is the greatest common divisor of y and z?
2
Suppose z + 6 - 9 = 0. Let v(p) = -p - 1. Let w be v(-3). Suppose -z = -b + w. What is the highest common divisor of b and 10?
5
Suppose 2*v = 4*u - 9*u - 487, 5*u + v = -491. Let a = u - -267. Calculate the highest common factor of a and 21.
21
Let z = 19 + -11. Suppose n + 2 = 0, -2*a + n + 6 = -12. Calculate the greatest common divisor of z and a.
8
Let y = 133 - 105. What is the highest common factor of y and 8?
4
Suppose -5*n + 2*v - 16 = 0, 3*n - 2*n = v - 2. Let i = -2 - n. Suppose 2*o - 4*x - 18 = 0, o + x - 5 = i*x. Calculate the greatest common factor of o and 7.
1
Let l(y) = y**2 - 2*y - 2. Let f be l(5). Let r(k) = 12*k**2 + k + 2. Let m be r(2). What is the highest common divisor of m and f?
13
Let v be (-3)/((-5)/((-130)/(-3))). Calculate the greatest common factor of 234 and v.
26
Let p(f) = -f**2 + 7*f + 8. Let x be p(8). Let h = 7 - x. Let v = h - 6. What is the greatest common factor of 4 and v?
1
Let j(u) = u**3 - 6*u**2 + 9*u - 10. Let w be j(5). What is the highest common divisor of 25 and w?
5
Suppose 3*n + 104 = 248. Calculate the greatest common divisor of n and 16.
16
Suppose 2*g - 7*q + 3*q = -12, 14 = 5*g + q. Calculate the greatest common factor of 16 and g.
2
Let n = 19 + 1. What is the greatest common factor of n and 8?
4
Suppose 6*o - 4 = 2*o. Calculate the greatest common factor of o and 7.
1
Let n(q) = 9*q**3 + 3*q**2 + 3*q - 9. Let x be n(3). Calculate the highest common factor of 30 and x.
30
Suppose -n - 18 + 90 = 0. What is the highest common factor of 18 and n?
18
Suppose -i - d = 69, 3*i + 0*d + d + 199 = 0. Let n = 111 - i. Calculate the highest common divisor of n and 16.
16
Suppose 0 = -3*r - 3*j - 63, 3*r + 2*r + j = -93. Let x = 0 - r. Calculate the highest common divisor of 12 and x.
6
Let r = 10 - 13. Let b = 73 + r. Calculate the highest common factor of 10 and b.
10
Suppose -6*h = -5*h + 3. Let f be (14/h)/((-4)/6). Suppose -f = -r + 3. What is the highest common divisor of r and 90?
10
Suppose 3*z - 90 = -3*p, p = -2*p + 4*z + 55. Suppose -p = -4*q + 71. What is the greatest common divisor of 36 and q?
12
Suppose 0*q - q + 9 = 0. What is the highest common factor of 27 and q?
9
Let v(g) = g**2 + 3*g + 3. Let y be v(-3). Suppose y*t = -t + 44. Let l be 44/(-10)*(-1 - 19). Calculate the greatest common divisor of t and l.
11
Suppose -2*o = -5*n + 23, 10*o + 20 = 5*n + 5*o. What is the greatest common divisor of 45 and n?
5
Suppose 2*h + 3*i + 375 = 2*i, 2*h = -3*i - 365. Let q be h/(-8) + 6/(-8). Calculate the highest common divisor of q and 253.
23
Let c = 2 - -3. Suppose -180*r = -175*r - 10. What is the greatest common factor of c and r?
1
Let j(f) = -3*f - 5. Let u be j(-9). Suppose -5*n + 5 = 2*x + 3*x, -2*n - u = -4*x. Calculate the highest common factor of x and 6.
2
Let z = -70 - -72. Calculate the greatest common divisor of z and 26.
2
Let k be (9/(-12))/(2/(-8)). Suppose -48 = 4*y - 3*o, k = 2*y + 4*o + 27. Let f = y + 21. Calculate the greatest common divisor of f and 9.
9
Let i(f) = -6*f**3 - f**2. Let h = 1 + 1. Suppose -3*d + h*d - 1 = 0. Let y be i(d). What is the highest common factor of 2 and y?
1
Suppose 56 = 75*h - 71*h. Calculate the highest common divisor of h and 21.
7
Let r = 14 + 20. Calculate the greatest common divisor of r and 51.
17
Let a be 109/7 - (-28)/(-49). What is the highest common factor of a and 105?
15
Suppose -6 = -2*b, -8 = 3*r - 4*b - 5. Let w(i) = -24*i + 1. Let t be w(-1). Suppose -r*s + t = -11. Calculate the greatest common divisor of 12 and s.
12
Let u be (-3)/(-15) + (-72)/(-15). Let s be (25/3)/(2/6). Suppose -s = 3*r - 4*r. What is the greatest common factor of r and u?
5
Suppose -5*g + 5 = v, -4*v = g - 0*g + 37. Let j be (-2)/((v/3)/(-5)). Let k be 4/(4/j) + 22. What is the greatest common factor of 19 and k?
19
Let n be 2005/10 - 6/(-4). Let o = n + -121. What is the highest common divisor of 9 and o?
9
Let q = -31 - -32. What is the highest common divisor of q and 9?
1
Suppose a - 6*a + 350 = 0. Let g = a - 38. Calculate the highest common factor of 4 and g.
4
Let r be ((-2)/(-5))/(5/250). Suppose 25 = f - r. What is the greatest common factor of 18 and f?
9
Let o(k) = -k**3 + k + 3. Let y be o(-2). Let s(w) = -w**3 + 5*w**2 + 5*w + 7. Let j be s(6). What is the highest common factor of y and j?
1
Let n = 18 - 11. Calculate the greatest common divisor of 21 and n.
7
Let k(z) be the second derivative of z**4/12 - z**3 + 5*z**2/2 + 2*z. Let t be k(5). Let i = t + 1. Calculate the highest common divisor of i and 5.
1
Suppose j = -3*j + 20. Suppose 0 = 5*g - v - 3*v - 66, -j*g + 2*v = -68. What is the greatest common divisor of g and 56?
14
Let p(l) = -4*l**3 + 5*l + 1. Let r be p(-2). Calculate the highest common divisor of r and 46.
23
Let y be (-6)/2*8/(-6). Let v(l) = -8*l - 3. Let w(z) = -2*z - 1. Let i(r) = 2*v(r) - 9*w(r). Let x be i(y). Calculate the greatest common divisor of x and 99.
11
Suppose 2*u = 10, -5*b - 2*u + 150 = -0*u. What is the highest common divisor of b and 42?
14
Let c = -7 + 16. Suppose -a = -5*a + 20. Suppose 0 = g + a, 2*p - 7 = -2*g + g. What is the highest common divisor of c and p?
3
Suppose 4*f + 6 = -4*n - n, -4 = f. Calculate the highest common factor of n and 10.
2
Suppose 5*n + 3*p = 12, -p + 8 = -n + p. Let o be (n - 14)*(-4 - 0). Suppose 5*c = 64 + o. Calculate the highest common factor of 12 and c.
12
Let u = 160 - 70. Let v = 206 + u. Suppose 5*c - 344 - v = 0. What is the highest common factor of 16 and c?
16
Suppose 4*t = -3*n - 122, 0 = 2*n - 4*t + 3*t + 74. Suppose -70 = -2*p + 40. Let l = n + p. Calculate the greatest common factor of 136 and l.
17
Let o = -270 + 282. Suppose 2*y + 664 = 5*d - 0*y, -4*y = 4*d - 520. What is the greatest common divisor of o and d?
12
Let h = -12 - -6. Let l = 16 + h. Calculate the highest common factor of 110 and l.
10
Let u be -1 + 3 - (1 + -17). What is the greatest common factor of 9 and u?
9
Let m be (-11 - -10)*(1 - 9). Let i be ((-2)/m)/((-1)/44). What is the highest common divisor of i and 77?
11
Let a be 1*(-4)/(-6) - (-100)/3. What is the greatest common divisor of a and 102?
34
Let y(v) = v + 9. Let r be y(-9). Suppose 0 = -3*g + 12, r*n + 3*g = n + 34. Let d be 4/6 - n/3. What is the highest common divisor of 4 and d?
4
Suppose -4*t + 7*t = 576. Calculate the greatest common factor of t and 12.
12
Let l = 350 + 82. Let k be (-1 - 4)*l/(-20). Calculate the highest common factor of k and 12.
12
Let f be 5*(18/5)/(-3). Let g(v) = -5*v - 2. Let q(r) = -4*r - 3. Let m(s) = 5*g(s) - 6*q(s). Let j be m(f). Calculate the highest common divisor of j and 28.
14
Let z be (-23 + 14)*(-2)/(-6). Let l = -15 + -1. Let j be z + 5/((-10)/l). What is the highest common factor of j and 5?
5
Let b = -705 - -747. Suppose -2*l = 2*l - 252. Calculate the highest common factor of b and l.
21
Let x(c) = -c**3 - 4*c**2 + 3*c - 2. Let s be x(-5). Suppose -12 = -y - 3*o + s, 5*o = -3*y + 60. What is the highest common factor of y and 5?
5
Let l(o) = 2*o - 2. 